inder when j is divided by 25.
1
Let w(x) = -31*x - 63. Let l be w(-11). Suppose 2*k = 2*n + 56, -4*k - n - 47 = -159. Calculate the remainder when l/(9 - 3 - 4) is divided by k.
27
Let p = -156 + 238. Let j(q) = 17*q + 11. Let w(k) = 33*k + 21. Let o(r) = 11*j(r) - 6*w(r). What is the remainder when p is divided by o(-3)?
26
Let w(l) = 2*l**2 - 10*l - 4. Let y be w(5). Calculate the remainder when 46 is divided by 5/((-52)/(-12) + y) - -1.
14
Suppose o + o = 440. Let s = o - 215. What is the remainder when s is divided by (0 - -3)*(-10)/(-6)?
0
Let n(l) = -9*l + 7 + l**2 - 1 + 6*l - 7*l. Let f be n(9). Calculate the remainder when (-3 + 68)/((-1)/f*3) is divided by 11.
10
Let w = -13067 + 13443. Calculate the remainder when w is divided by 37.
6
Suppose -14*w + 109 = -381. Suppose z + 5*m - 3 = w, 1 = m. What is the remainder when 129 is divided by z?
30
Let y = -2037 + 2053. Calculate the remainder when 734 is divided by y.
14
Let x be 458/22 - ((-24)/132 - 0). Suppose x*b = 33*b - 2124. Suppose 2*z + 94 = 5*l, -4*l = 4*z - 15 - 77. Calculate the remainder when b is divided by l.
17
Let k = -88 + 48. Let q = k - -40. Suppose 5*s - 130 = -j, 3*s + 5*j + 26 - 104 = q. Calculate the remainder when 75 is divided by s.
23
Suppose -7*h - 21*h + 26*h = -322. Calculate the remainder when h is divided by 73.
15
Let a(p) = p**3 + 10*p**2 + 9*p + 2. Suppose 28*v - 893 = -249. What is the remainder when v is divided by a(-9)?
1
Suppose 3*j - w + 0 - 3 = 0, 2 = -5*j + 4*w. Suppose -j*p = -5*p - s + 68, -4*s - 14 = -p. Calculate the remainder when (24/10)/((-10)/(-175)) is divided by p.
20
Calculate the remainder when 339 is divided by 3 - (117/(-78) - 37/2).
17
Let g be (0 + 12/3)*(-45)/(-36). Suppose g*u = -207 + 192. Let m = 26 + u. Calculate the remainder when 56 is divided by m.
10
Let o(b) = -5*b - 117. Let r(y) = 16*y + 346. Let l(n) = -10*o(n) - 3*r(n). What is the remainder when l(37) is divided by 8?
6
Let j = -664 - -375. Let l = 399 + j. Calculate the remainder when l is divided by 35.
5
Suppose 162*o + 9750 - 16642 = 19190. What is the remainder when 5310 is divided by o?
158
Suppose 5*d = 4*w - 2*w - 21, w - 13 = 3*d. Calculate the remainder when 4/(-14) - (-783)/21 is divided by d + 1 - (-12)/1.
5
Suppose -46*k + 39*k + 28 = 0. Suppose -70 = -k*a + 2*i, 5*i - 10 + 5 = 0. Calculate the remainder when 34 is divided by a.
16
Let w(f) = 10*f**3 - f**2 + 4*f - 4. Let y be w(2). Suppose 0 = -4*c - c + y. Suppose c*j - 13*j - 582 = 0. Calculate the remainder when j is divided by 14.
12
Suppose 64*c - 40*c + 145*c - 80613 = 0. Let j(h) = -26*h + 2. Calculate the remainder when c is divided by j(-3).
77
Calculate the remainder when (-1 - (-224)/(-10))/((-7)/70) is divided by 59.
57
Let o = -30064 + 30192. Calculate the remainder when o is divided by 78.
50
Let z = 318 - 318. Suppose z = -4*c - 5*i + 105, -2*c - 5*i = -i - 54. What is the remainder when 249 is divided by c?
24
Let y = 809 + -781. Let i(x) = x**3 - x**2 - 2*x + 3. Calculate the remainder when y is divided by i(3).
13
Let t(m) = 15*m - 5. Suppose n + 3 - 19 = -3*o, 4*n + 2*o - 24 = 0. Calculate the remainder when 163 is divided by t(n).
53
Let g = 5 + 43. Suppose 0 = -3*j - 4*l + 113, -7 = j + 2*l - 44. Calculate the remainder when g is divided by j.
9
Let l(w) = 113*w**2 + 3*w + 1. Let f be l(-1). Let y = f + -110. Suppose 17 = p - y. Calculate the remainder when 53 is divided by p.
17
Suppose -295 + 508 = 2*x - 3*k, -4*k = 20. What is the remainder when x is divided by 22?
11
Let k(u) = -u**3 - 14*u**2 + 19*u + 2. Let r = -61 + 45. Let d be k(r). Let x = d + -139. What is the remainder when x is divided by 26?
19
Let c(d) be the first derivative of 31*d**2/2 + 61*d + 57. What is the remainder when c(11) is divided by 45?
42
Suppose 3*p - 3844 - 3224 = -3*v, 3*p = -5*v + 11782. What is the remainder when v is divided by 118?
115
Suppose -5*l + l = -3*w + 37, -4*w = l - 43. What is the remainder when 4 + -5 + 3 - (-159 + -3) is divided by w?
10
Let v be (-2 + 7)/(-25) - (-156)/5. Let c(n) = -12*n + 453. Calculate the remainder when 243 is divided by c(v).
0
Let u = -465 + 468. Suppose 67 = u*h - 203. What is the remainder when h is divided by 31?
28
Suppose -5070 = -159*c + 86*c - 1712. Let s(d) = 8*d. What is the remainder when c is divided by s(3)?
22
Let i = -1254 - -1475. Calculate the remainder when i is divided by 168.
53
Let a be 3/(-2)*-2*35/21. Let u(y) = -8*y + 42. Let o be u(a). Suppose m - 24 = 4*v, 114 = 5*m + o*v - 72. What is the remainder when 106 is divided by m?
34
Suppose -139 = -4*w - p, 5*w - 3*w = -p + 67. Let g(u) = 23*u - 79. What is the remainder when w is divided by g(4)?
10
Let w(q) = 40*q + 3039. Calculate the remainder when 560 is divided by w(-74).
7
Let u(f) = f**2 - 10*f - 49. Let n be -5 - ((-4)/8*-4 + 0). Calculate the remainder when u(n) is divided by 25.
20
Let f(t) = 15*t**2 - 2*t - 1. Let o be f(4). Let w = o - 155. Let v(d) = 7*d**2 + 2*d - 3. What is the remainder when w is divided by v(1)?
4
Let v = -13156 + 13665. Calculate the remainder when v is divided by 34.
33
Let k(t) = 7*t - 114. Let i be k(23). Let b = -105 + 63. Let d = i + b. What is the remainder when 7 is divided by d?
2
Let v = -6205 - -7001. What is the remainder when v is divided by 135?
121
Calculate the remainder when 44 + 67914 - (-6)/((-30)/55) is divided by 225.
222
Let j = 61 - 43. Suppose -3*c - 52 - 385 = -2*f, 5*f = -4*c - 552. Let i = c + 148. Calculate the remainder when j is divided by i.
3
Let u = 88 + 34. Suppose -2*c = -u - 116. What is the remainder when c is divided by 11?
9
Let s = -34 + 53. Suppose 0 = 6*j + 10 - 28. Suppose 3*r = j, 2*w + 2*w = -r + 141. Calculate the remainder when w is divided by s.
16
Suppose -f + c + 5 = 0, 0 = -3*f + c + 4*c + 7. Suppose 945 = 12*x + f*x. Calculate the remainder when 178 is divided by x.
43
Suppose -10 = 2*y, -3*i - 741 = 2*y + 4924. What is the remainder when (6/(-5))/(-1 - i/1900) is divided by 12?
8
Suppose 4*q = -2*r + 64 - 20, 0 = -r - 4*q + 14. Calculate the remainder when 1/(((-2)/(-76))/(27/18)) is divided by r.
27
Suppose -49*q - 44*q + 407 + 58 = 0. Calculate the remainder when 3 - ((-2 - -4) + -28) is divided by q.
4
Suppose -3*u - 85 = -5*n, -20 = -6*u + 2*u. Calculate the remainder when 1313 is divided by n.
13
Let g = 531 + -277. Let d = -236 + g. What is the remainder when 71 is divided by d?
17
Suppose -153*w + 146*w = -84. Suppose l - 61 = -4*i, -w*l + 17*l + 79 = 4*i. What is the remainder when 78 is divided by i?
14
Let w(i) = -84*i - 7887. What is the remainder when 12346 is divided by w(-94)?
7
Suppose -13*h + 140*h = 125730. Calculate the remainder when h is divided by 243.
18
Let f = -22170 + 22457. What is the remainder when 664 is divided by f?
90
Suppose -11 = 6*a - 119. Suppose 0 = a*c - 356 - 94. Calculate the remainder when 33 is divided by c.
8
Let p(q) = -q**3 - 3*q**2 - 3*q - 4. Let c be p(-3). Suppose 5*t - 21 + 1 = c*v, t + 1 = 2*v. Let k = 141 + -107. What is the remainder when k is divided by t?
7
Let u = -23 + 26. Suppose -u*m = -14 - 1. Calculate the remainder when 442/m + 3/5 is divided by 6.
5
Suppose -20*u - 46*u - 48360 = -144*u. Calculate the remainder when 629 is divided by u.
9
Suppose -14 = -37*o + 30*o. Suppose 3*j - 62 = t, -3*t + 108 = 4*j + o*t. What is the remainder when 64 is divided by j?
20
Let n(b) = -118*b + 346. Calculate the remainder when 1096 is divided by n(2).
106
Let w = -189 + 191. Suppose 0 = 4*s - i - 582 + 85, w*i + 10 = 0. Calculate the remainder when s is divided by 6.
3
Let q = 39 - 45. Suppose -5*v + f + 0*f + 30 = 0, -5*f = -v + 6. Calculate the remainder when (-100)/q - 2/(-6) is divided by v.
5
Suppose -16157 - 11290 = -21*f. Calculate the remainder when f is divided by 326.
3
Calculate the remainder when 918 is divided by (-6 + -2)/((-38)/209).
38
Let s(f) = 46*f - 2599. Calculate the remainder when 986 is divided by s(57).
20
Let d = 5368 - 5245. What is the remainder when 1099 is divided by d?
115
Suppose -2*b - x = 116, -3*b + 5*x - 58 = 116. Suppose -9*c - 25 = 317. Let v = c - b. What is the remainder when v is divided by 6?
2
Suppose b - 4*h - 22 = 0, -10*h - 21 = -3*b - 13*h. Suppose 3*t + n - 105 = 0, -n = 5*t + 4*n - 185. What is the 